f 132 and 324.
12
What is the highest common divisor of 247 and 57?
19
What is the greatest common divisor of 2091 and 102?
51
Calculate the greatest common factor of 68 and 85.
17
Calculate the greatest common factor of 285 and 2166.
57
Calculate the highest common factor of 81 and 72.
9
What is the greatest common divisor of 118 and 99238?
118
Calculate the highest common factor of 18 and 17010.
18
What is the greatest common divisor of 65 and 65?
65
Calculate the highest common factor of 18 and 387.
9
Calculate the highest common factor of 87 and 2349.
87
Calculate the greatest common factor of 118 and 1711.
59
What is the greatest common factor of 128 and 1856?
64
Calculate the highest common factor of 11 and 15763.
11
Calculate the highest common factor of 377 and 65.
13
Calculate the greatest common divisor of 48 and 12.
12
Calculate the greatest common factor of 560 and 960.
80
What is the highest common divisor of 25 and 16925?
25
Calculate the highest common factor of 675 and 100.
25
Calculate the greatest common divisor of 22850 and 50.
50
What is the greatest common divisor of 67 and 4?
1
What is the highest common divisor of 104 and 468?
52
Calculate the highest common factor of 100 and 275.
25
Calculate the highest common divisor of 275 and 33.
11
Calculate the greatest common factor of 7569 and 522.
261
Calculate the greatest common factor of 10955 and 35.
35
What is the highest common factor of 456 and 224?
8
Calculate the highest common factor of 3464 and 24.
8
Calculate the highest common factor of 140 and 224.
28
What is the greatest common factor of 8 and 3?
1
Calculate the highest common divisor of 149 and 1.
1
What is the highest common divisor of 884 and 170?
34
What is the greatest common factor of 28 and 126?
14
What is the greatest common divisor of 48 and 36?
12
What is the greatest common factor of 93 and 3?
3
Calculate the highest common divisor of 33674 and 298.
298
What is the highest common divisor of 1583 and 1?
1
Calculate the highest common divisor of 148 and 5402.
74
Calculate the greatest common factor of 2880 and 9.
9
Calculate the greatest common factor of 140 and 150.
10
What is the greatest common divisor of 114 and 2071?
19
What is the highest common divisor of 3144 and 24?
24
Calculate the highest common factor of 804 and 8.
4
Calculate the highest common divisor of 8964 and 2052.
108
Calculate the greatest common factor of 32 and 1392.
16
What is the greatest common divisor of 376 and 11092?
188
Calculate the greatest common divisor of 154 and 28.
14
What is the greatest common divisor of 1316 and 7?
7
What is the greatest common divisor of 836 and 95?
19
What is the greatest common divisor of 24 and 96?
24
What is the highest common factor of 215 and 5?
5
Calculate the highest common factor of 2457 and 234.
117
Calculate the highest common factor of 90 and 1035.
45
What is the greatest common factor of 15 and 165?
15
Calculate the greatest common factor of 3 and 181.
1
What is the highest common factor of 11 and 7744?
11
What is the highest common divisor of 247 and 19?
19
Calculate the highest common divisor of 1937 and 104.
13
What is the greatest common factor of 81 and 717?
3
What is the greatest common divisor of 42 and 21?
21
Calculate the greatest common factor of 96 and 132.
12
What is the greatest common factor of 3 and 8553?
3
Calculate the highest common factor of 91 and 1274.
91
What is the highest common factor of 32 and 6040?
8
Calculate the greatest common divisor of 32 and 72.
8
What is the greatest common divisor of 22308 and 132?
132
Calculate the greatest common factor of 9409 and 291.
97
Calculate the greatest common divisor of 252 and 105.
21
Calculate the highest common factor of 442 and 78.
26
Calculate the highest common factor of 9 and 72.
9
Calculate the highest common divisor of 7485 and 60.
15
Calculate the greatest common factor of 5181 and 11.
11
Calculate the greatest common factor of 57 and 3.
3
Calculate the highest common factor of 10 and 31885.
5
Calculate the highest common divisor of 14427 and 63.
63
Calculate the greatest common factor of 150 and 195.
15
Calculate the greatest common divisor of 9792 and 153.
153
Calculate the greatest common factor of 2176 and 1258.
34
Calculate the highest common divisor of 45400 and 600.
200
What is the greatest common factor of 4462 and 414?
46
Calculate the greatest common factor of 30 and 30.
30
What is the highest common divisor of 5977 and 344?
43
Calculate the highest common factor of 63 and 3654.
63
Calculate the greatest common factor of 850 and 51.
17
Calculate the highest common factor of 144 and 414.
18
Calculate the highest common divisor of 90 and 20.
10
Calculate the greatest common factor of 341 and 11.
11
Calculate the highest common factor of 39 and 3.
3
What is the greatest common factor of 99 and 88?
11
What is the highest common divisor of 56 and 584?
8
Calculate the greatest common factor of 76 and 988.
76
What is the highest common divisor of 308 and 10428?
44
What is the highest common divisor of 284 and 20?
4
Calculate the greatest common divisor of 256 and 48.
16
Calculate the highest common divisor of 707 and 7.
7
Calculate the greatest common factor of 112 and 1792.
112
Calculate the greatest common factor of 560 and 385.
35
Calculate the greatest common factor of 143 and 13.
13
Calculate the highest common factor of 1488 and 288.
48
Calculate the highest common factor of 10 and 1370.
10
What is the greatest common divisor of 54 and 954?
18
Calculate the greatest common factor of 76 and 16.
4
Calculate the highest common divisor of 13122 and 6.
6
What is the highest common factor of 40 and 50?
10
What is the highest common divisor of 38 and 1406?
38
What is the greatest common divisor of 484 and 748?
44
What is the highest common factor of 84 and 308?
28
What is the greatest common factor of 33 and 594?
33
What is the highest common factor of 2375 and 1520?
95
What is the greatest common divisor of 85 and 68?
17
What is the highest common factor of 115 and 10?
5
What is the highest common factor of 423 and 987?
141
Calculate the highest common factor of 184 and 1012.
92
What is the greatest common divisor of 76 and 5073?
19
Calculate the highest common factor of 148 and 370.
74
What is the greatest common factor of 345 and 30?
15
Calculate the highest common divisor of 2325 and 150.
75
Calculate the greatest common factor of 137 and 2192.
137
What is the greatest common factor of 1328 and 83?
83
What is the highest common divisor of 76 and 4826?
38
What is the highest common divisor of 592 and 32?
16
What is the highest common divisor of 27 and 1755?
27
What is the highest common factor of 800 and 50?
50
Calculate the highest common divisor of 870 and 17110.
290
What is the greatest common factor of 22 and 88?
22
Calculate the greatest common factor of 196 and 168.
28
What is the highest common divisor of 240 and 456?
24
Calculate the greatest common factor of 19462 and 74.
74
Calculate the highest common factor of 22 and 2222.
22
What is the highest common divisor of 8048 and 16?
16
Calculate the greatest common factor of 6272 and 640.
128
What is the greatest common factor of 2380 and 320?
20
Calculate the highest common divisor of 6290 and 255.
85
Calculate the greatest common factor of 1749 and 22.
11
Calculate the highest common divisor of 90 and 3840.
30
Calculate the highest common divisor of 299 and 368.
23
Calculate the greatest common divisor of 3893 and 34.
17
Calculate the highest common factor of 71 and 17253.
71
Calculate the greatest common factor of 161 and 184.
23
Calculate the highest common divisor of 42 and 1239.
21
What is the greatest common factor of 1920 and 120?
120
Calculate the greatest common factor of 858 and 330.
66
Calculate the greatest common divisor of 3690 and 45.
45
Calculate the greatest common divisor of 7 and 882.
7
What is the greatest common divisor of 805 and 70?
35
What is the greatest common divisor of 200 and 1100?
100
What is the highest common factor of 26 and 1001?
13
Calculate the greatest common factor of 35 and 25.
5
What is the highest common divisor of 2795 and 65?
65
What is the highest common divisor of 1330 and 35?
35
Calculate the greatest 